nder when 18239 is divided by 465?
104
What is the remainder when 65035419 is divided by 50376?
3
What is the remainder when 20350 is divided by 4575?
2050
Calculate the remainder when 60478 is divided by 85.
43
What is the remainder when 12486 is divided by 12486?
0
What is the remainder when 654190 is divided by 62?
28
What is the remainder when 65374 is divided by 6049?
4884
Calculate the remainder when 6410392 is divided by 6410151.
241
What is the remainder when 1987571 is divided by 140?
131
Calculate the remainder when 343496 is divided by 459.
164
Calculate the remainder when 8196 is divided by 2175.
1671
What is the remainder when 9239279 is divided by 3079740?
59
What is the remainder when 115331771 is divided by 417?
413
What is the remainder when 3947025 is divided by 2020?
1965
Calculate the remainder when 56161 is divided by 6008.
2089
Calculate the remainder when 933237989 is divided by 135.
134
Calculate the remainder when 543519 is divided by 544.
63
What is the remainder when 209002 is divided by 6144?
106
What is the remainder when 105603786 is divided by 8800310?
66
What is the remainder when 23246647 is divided by 13?
8
Calculate the remainder when 5103389 is divided by 7178.
7009
What is the remainder when 37191303 is divided by 1547?
1423
What is the remainder when 2148294 is divided by 42?
36
What is the remainder when 1141369 is divided by 1701?
1699
What is the remainder when 413537 is divided by 8727?
3368
Calculate the remainder when 2774631 is divided by 184.
95
Calculate the remainder when 30786995 is divided by 1710388.
11
What is the remainder when 404456 is divided by 33339?
4388
Calculate the remainder when 5002459 is divided by 756.
7
What is the remainder when 658944 is divided by 218301?
4041
What is the remainder when 95223 is divided by 13552?
359
What is the remainder when 882569 is divided by 293837?
1058
What is the remainder when 55658 is divided by 183?
26
Calculate the remainder when 113407 is divided by 7084.
63
What is the remainder when 52837 is divided by 175?
162
What is the remainder when 5052 is divided by 47?
23
What is the remainder when 54226 is divided by 301?
46
What is the remainder when 296822 is divided by 17333?
2161
What is the remainder when 4561136 is divided by 39662?
6
Calculate the remainder when 7766358 is divided by 3114.
42
Calculate the remainder when 637327 is divided by 13.
2
What is the remainder when 594416 is divided by 78?
56
Calculate the remainder when 333995 is divided by 6816.
11
Calculate the remainder when 112027 is divided by 3218.
2615
Calculate the remainder when 36960 is divided by 6898.
2470
Calculate the remainder when 28533815 is divided by 2175.
2165
What is the remainder when 1191979 is divided by 237935?
2304
Calculate the remainder when 605025 is divided by 201147.
1584
What is the remainder when 3097826 is divided by 1095?
71
Calculate the remainder when 188909 is divided by 27.
17
Calculate the remainder when 27713611 is divided by 37.
19
What is the remainder when 627130 is divided by 183?
172
Calculate the remainder when 1127126866 is divided by 7323.
7321
Calculate the remainder when 5631533 is divided by 1154.
13
Calculate the remainder when 3831834 is divided by 338.
266
What is the remainder when 111998 is divided by 5564?
718
What is the remainder when 274863 is divided by 3204?
2523
What is the remainder when 278882 is divided by 1415?
127
What is the remainder when 192127 is divided by 32?
31
What is the remainder when 2751742 is divided by 275150?
242
Calculate the remainder when 9877381 is divided by 658492.
1
What is the remainder when 2458287 is divided by 2094?
2025
Calculate the remainder when 1143714739 is divided by 39.
37
What is the remainder when 124035351 is divided by 138742?
3
Calculate the remainder when 317356692 is divided by 146.
142
What is the remainder when 37600 is divided by 242?
90
What is the remainder when 1308726 is divided by 63?
27
Calculate the remainder when 3691757 is divided by 21.
20
Calculate the remainder when 10582137 is divided by 347.
25
Calculate the remainder when 22491938 is divided by 7497285.
83
Calculate the remainder when 480701 is divided by 261.
200
What is the remainder when 19139466 is divided by 1010?
976
What is the remainder when 195869 is divided by 193315?
2554
What is the remainder when 699689 is divided by 4604?
4485
What is the remainder when 1887544 is divided by 940?
24
What is the remainder when 2455640 is divided by 223237?
33
What is the remainder when 8504 is divided by 2566?
806
What is the remainder when 163308577 is divided by 27?
22
Calculate the remainder when 15545615 is divided by 8.
7
What is the remainder when 6072003 is divided by 1517987?
55
Calculate the remainder when 205174 is divided by 186.
16
Calculate the remainder when 6511182 is divided by 7259.
7118
Calculate the remainder when 377252 is divided by 62865.
62
Calculate the remainder when 35639419 is divided by 18.
13
Calculate the remainder when 684160 is divided by 2506.
22
Calculate the remainder when 1784137 is divided by 3203.
66
Calculate the remainder when 676576 is divided by 42286.
0
What is the remainder when 3332022 is divided by 416492?
86
What is the remainder when 1333384 is divided by 626?
4
What is the remainder when 648552868 is divided by 249?
247
Calculate the remainder when 4473106 is divided by 323.
202
What is the remainder when 5785844 is divided by 2892870?
104
What is the remainder when 482849 is divided by 80470?
29
What is the remainder when 1771961 is divided by 170?
51
What is the remainder when 100887790 is divided by 622?
12
What is the remainder when 1758801 is divided by 140?
121
What is the remainder when 11212473 is divided by 3139?
3104
Calculate the remainder when 7551305 is divided by 541.
27
What is the remainder when 7701297 is divided by 611?
253
What is the remainder when 21578679 is divided by 148?
131
What is the remainder when 215728 is divided by 107659?
410
Calculate the remainder when 108213 is divided by 2505.
498
What is the remainder when 222878 is divided by 2958?
1028
What is the remainder when 25304981 is divided by 3409?
3383
Calculate the remainder when 507310351 is divided by 6101.
6100
What is the remainder when 797926967 is divided by 5112?
5111
What is the remainder when 222983 is divided by 4408?
2583
What is the remainder when 650590 is divided by 587?
194
What is the remainder when 1342902 is divided by 40628?
2178
What is the remainder when 955483 is divided by 1298?
155
What is the remainder when 20675 is divided by 230?
205
Calculate the remainder when 756168 is divided by 114.
6
Calculate the remainder when 19677172 is divided by 528.
196
What is the remainder when 4973 is divided by 4939?
34
What is the remainder when 15556059 is divided by 725?
459
What is the remainder when 294040 is divided by 49002?
28
Calculate the remainder when 32859837 is divided by 960.
957
Calculate the remainder when 27145459 is divided by 42816.
115
Calculate the remainder when 437122 is divided by 109173.
430
Calculate the remainder when 422783 is divided by 211352.
79
What is the remainder when 158003800 is divided by 33?
31
Calculate the remainder when 1177215 is divided by 2.
1
What is the remainder when 1201012 is divided by 5617?
4591
What is the remainder when 17944 is divided by 2208?
280
Calculate the remainder when 18506026 is divided by 18505937.
89
Calculate the remainder when 4065 is divided by 2437.
1628
What is the remainder when 3592637 is divided by 1197535?
32
Calculate the remainder when 12374007 is divided by 7.
2
Calculate the remainder when 171012 is divided by 2025.
912
Calculate the remainder when 125702911 is divided by 736.
735
What is the remainder when 743521556 is divided by 13?
11
Calculate the remainder when 43137687 is divided by 1391.
1386
What is the remainder when 338197 is divided by 3327?
2170
What is the remainder when 543910 is divided by 107?
29
Calculate the remainder when 2499164 is divided by 1249579.
6
What is the remainder when 5406469 is divided by 628?
17
Calculate the remainder when 53633 is divided by 9614.
5563
Calculate the remainder when 1343984 is divided by 632.
352
Calculate the remainder when 30143690 is